[INFO] cloning repository https://github.com/MaienM/AdventOfCode2021
[INFO] running `Command { std: "git" "-c" "credential.helper=" "-c" "credential.helper=/workspace/cargo-home/bin/git-credential-null" "clone" "--bare" "https://github.com/MaienM/AdventOfCode2021" "/workspace/cache/git-repos/https%3A%2F%2Fgithub.com%2FMaienM%2FAdventOfCode2021", kill_on_drop: false }`
[INFO] [stderr] Cloning into bare repository '/workspace/cache/git-repos/https%3A%2F%2Fgithub.com%2FMaienM%2FAdventOfCode2021'...
[INFO] running `Command { std: "git" "rev-parse" "HEAD", kill_on_drop: false }`
[INFO] [stdout] 8e3b60f30e250fd9447d9e81e3aef4f97f60e8cb
[INFO] checking MaienM/AdventOfCode2021 against master#9610dfe5a9a731ced1ea4923ecbd0c57fe367898 for beta-170-4
[INFO] running `Command { std: "git" "clone" "/workspace/cache/git-repos/https%3A%2F%2Fgithub.com%2FMaienM%2FAdventOfCode2021" "/workspace/builds/worker-5-tc1/source", kill_on_drop: false }`
[INFO] [stderr] Cloning into '/workspace/builds/worker-5-tc1/source'...
[INFO] [stderr] done.
[INFO] validating manifest of git repo https://github.com/MaienM/AdventOfCode2021 on toolchain 9610dfe5a9a731ced1ea4923ecbd0c57fe367898
[INFO] running `Command { std: CARGO_HOME="/workspace/cargo-home" RUSTUP_HOME="/workspace/rustup-home" "/workspace/cargo-home/bin/cargo" "+9610dfe5a9a731ced1ea4923ecbd0c57fe367898" "metadata" "--manifest-path" "Cargo.toml" "--no-deps", kill_on_drop: false }`
[INFO] started tweaking git repo https://github.com/MaienM/AdventOfCode2021
[INFO] finished tweaking git repo https://github.com/MaienM/AdventOfCode2021
[INFO] tweaked toml for git repo https://github.com/MaienM/AdventOfCode2021 written to /workspace/builds/worker-5-tc1/source/Cargo.toml
[INFO] crate git repo https://github.com/MaienM/AdventOfCode2021 already has a lockfile, it will not be regenerated
[INFO] running `Command { std: CARGO_HOME="/workspace/cargo-home" RUSTUP_HOME="/workspace/rustup-home" "/workspace/cargo-home/bin/cargo" "+9610dfe5a9a731ced1ea4923ecbd0c57fe367898" "fetch" "--manifest-path" "Cargo.toml", kill_on_drop: false }`
[INFO] running `Command { std: "docker" "create" "-v" "/var/lib/crater-agent-workspace/builds/worker-5-tc1/target:/opt/rustwide/target:rw,Z" "-v" "/var/lib/crater-agent-workspace/builds/worker-5-tc1/source:/opt/rustwide/workdir:ro,Z" "-v" "/var/lib/crater-agent-workspace/cargo-home:/opt/rustwide/cargo-home:ro,Z" "-v" "/var/lib/crater-agent-workspace/rustup-home:/opt/rustwide/rustup-home:ro,Z" "-e" "SOURCE_DIR=/opt/rustwide/workdir" "-e" "CARGO_TARGET_DIR=/opt/rustwide/target" "-e" "CARGO_HOME=/opt/rustwide/cargo-home" "-e" "RUSTUP_HOME=/opt/rustwide/rustup-home" "-w" "/opt/rustwide/workdir" "-m" "1610612736" "--user" "0:0" "--network" "none" "ghcr.io/rust-lang/crates-build-env/linux@sha256:19e73879b68f455e41552ea35293514db52ea292d993f571636dbffedb77a1ee" "/opt/rustwide/cargo-home/bin/cargo" "+9610dfe5a9a731ced1ea4923ecbd0c57fe367898" "metadata" "--no-deps" "--format-version=1", kill_on_drop: false }`
[INFO] [stdout] b61a298a446ccb708e2d60e485dcfc8cb2fc08e8ad22b2d2362729a2996a66fb
[INFO] running `Command { std: "docker" "start" "-a" "b61a298a446ccb708e2d60e485dcfc8cb2fc08e8ad22b2d2362729a2996a66fb", kill_on_drop: false }`
[INFO] running `Command { std: "docker" "inspect" "b61a298a446ccb708e2d60e485dcfc8cb2fc08e8ad22b2d2362729a2996a66fb", kill_on_drop: false }`
[INFO] running `Command { std: "docker" "rm" "-f" "b61a298a446ccb708e2d60e485dcfc8cb2fc08e8ad22b2d2362729a2996a66fb", kill_on_drop: false }`
[INFO] [stdout] b61a298a446ccb708e2d60e485dcfc8cb2fc08e8ad22b2d2362729a2996a66fb
[INFO] running `Command { std: "docker" "create" "-v" "/var/lib/crater-agent-workspace/builds/worker-5-tc1/target:/opt/rustwide/target:rw,Z" "-v" "/var/lib/crater-agent-workspace/builds/worker-5-tc1/source:/opt/rustwide/workdir:ro,Z" "-v" "/var/lib/crater-agent-workspace/cargo-home:/opt/rustwide/cargo-home:ro,Z" "-v" "/var/lib/crater-agent-workspace/rustup-home:/opt/rustwide/rustup-home:ro,Z" "-e" "SOURCE_DIR=/opt/rustwide/workdir" "-e" "CARGO_TARGET_DIR=/opt/rustwide/target" "-e" "CARGO_INCREMENTAL=0" "-e" "RUST_BACKTRACE=full" "-e" "RUSTFLAGS=--cap-lints=forbid" "-e" "RUSTDOCFLAGS=--cap-lints=forbid" "-e" "CARGO_HOME=/opt/rustwide/cargo-home" "-e" "RUSTUP_HOME=/opt/rustwide/rustup-home" "-w" "/opt/rustwide/workdir" "-m" "1610612736" "--user" "0:0" "--network" "none" "ghcr.io/rust-lang/crates-build-env/linux@sha256:19e73879b68f455e41552ea35293514db52ea292d993f571636dbffedb77a1ee" "/opt/rustwide/cargo-home/bin/cargo" "+9610dfe5a9a731ced1ea4923ecbd0c57fe367898" "check" "--frozen" "--all" "--all-targets" "--message-format=json", kill_on_drop: false }`
[INFO] [stdout] e3d3eacb394e94b3a182ee1a0d21684eb6d2566b19ec2c4b3c3289f5a273f76f
[INFO] running `Command { std: "docker" "start" "-a" "e3d3eacb394e94b3a182ee1a0d21684eb6d2566b19ec2c4b3c3289f5a273f76f", kill_on_drop: false }`
[INFO] [stderr]    Compiling proc-macro2 v1.0.33
[INFO] [stderr]    Compiling syn v1.0.82
[INFO] [stderr]     Checking ansi_term v0.12.1
[INFO] [stderr]     Checking diff v0.1.12
[INFO] [stderr]     Checking pretty_assertions v1.0.0
[INFO] [stderr]    Compiling quote v1.0.10
[INFO] [stderr]    Compiling derive-new v0.5.9
[INFO] [stderr]    Compiling aoc_derive v0.1.0 (/opt/rustwide/workdir/aoc_derive)
[INFO] [stderr]     Checking aoc v0.1.0 (/opt/rustwide/workdir)
[INFO] [stdout] warning: method `contains` is never used
[INFO] [stdout]  --> src/range.rs:7:8
[INFO] [stdout]   |
[INFO] [stdout] 6 | impl ReversibleRange {
[INFO] [stdout]   | -------------------- method in this implementation
[INFO] [stdout] 7 |     fn contains(&self, value: usize) -> bool {
[INFO] [stdout]   |        ^^^^^^^^
[INFO] [stdout]   |
[INFO] [stdout]   = note: `#[warn(dead_code)]` on by default
[INFO] [stdout] 
[INFO] [stdout] 
[INFO] [stdout] warning: 1 warning emitted
[INFO] [stdout] 
[INFO] [stdout] 
[INFO] [stdout] warning: method `contains` is never used
[INFO] [stdout]  --> src/range.rs:7:8
[INFO] [stdout]   |
[INFO] [stdout] 6 | impl ReversibleRange {
[INFO] [stdout]   | -------------------- method in this implementation
[INFO] [stdout] 7 |     fn contains(&self, value: usize) -> bool {
[INFO] [stdout]   |        ^^^^^^^^
[INFO] [stdout]   |
[INFO] [stdout]   = note: `#[warn(dead_code)]` on by default
[INFO] [stdout] 
[INFO] [stdout] 
[INFO] [stdout] error[E0624]: method `contains` is private
[INFO] [stdout]    --> src/bin/day23.rs:121:75
[INFO] [stdout]     |
[INFO] [stdout] 121 | ...                   if range(i, ROOM_POSITIONS[otyp]).contains(targetpos) {
[INFO] [stdout]     |                                                         ^^^^^^^^ private method
[INFO] [stdout]     |
[INFO] [stdout]    ::: /opt/rustwide/workdir/src/range.rs:7:5
[INFO] [stdout]     |
[INFO] [stdout] 7   |     fn contains(&self, value: usize) -> bool {
[INFO] [stdout]     |     ---------------------------------------- private method defined here
[INFO] [stdout] 
[INFO] [stdout] 
[INFO] [stdout] warning: 1 warning emitted
[INFO] [stdout] 
[INFO] [stdout] 
[INFO] [stdout] error: aborting due to previous error
[INFO] [stdout] 
[INFO] [stdout] 
[INFO] [stdout] For more information about this error, try `rustc --explain E0624`.
[INFO] [stdout] 
[INFO] [stderr] error: could not compile `aoc` (bin "day23" test) due to 2 previous errors
[INFO] [stderr] warning: build failed, waiting for other jobs to finish...
[INFO] [stdout] warning: using `.clone()` on a double reference, which returns `&str` instead of cloning the inner type
[INFO] [stdout]    --> src/bin/day12.rs:100:33
[INFO] [stdout]     |
[INFO] [stdout] 100 |         path.push(connected_node.clone());
[INFO] [stdout]     |                                 ^^^^^^^^
[INFO] [stdout]     |
[INFO] [stdout]     = note: `#[warn(suspicious_double_ref_op)]` on by default
[INFO] [stdout] 
[INFO] [stdout] 
[INFO] [stdout] warning: 1 warning emitted
[INFO] [stdout] 
[INFO] [stdout] 
[INFO] [stdout] error[E0624]: method `contains` is private
[INFO] [stdout]    --> src/bin/day23.rs:121:75
[INFO] [stdout]     |
[INFO] [stdout] 121 | ...                   if range(i, ROOM_POSITIONS[otyp]).contains(targetpos) {
[INFO] [stdout]     |                                                         ^^^^^^^^ private method
[INFO] [stdout]     |
[INFO] [stdout]    ::: /opt/rustwide/workdir/src/range.rs:7:5
[INFO] [stdout]     |
[INFO] [stdout] 7   |     fn contains(&self, value: usize) -> bool {
[INFO] [stdout]     |     ---------------------------------------- private method defined here
[INFO] [stdout] 
[INFO] [stdout] 
[INFO] [stdout] error: aborting due to previous error
[INFO] [stdout] 
[INFO] [stdout] 
[INFO] [stdout] For more information about this error, try `rustc --explain E0624`.
[INFO] [stdout] 
[INFO] [stderr] error: could not compile `aoc` (bin "aoc") due to 2 previous errors
[INFO] [stdout] error[E0624]: method `contains` is private
[INFO] [stdout]    --> src/bin/day23.rs:121:75
[INFO] [stdout]     |
[INFO] [stdout] 121 | ...                   if range(i, ROOM_POSITIONS[otyp]).contains(targetpos) {
[INFO] [stdout]     |                                                         ^^^^^^^^ private method
[INFO] [stdout]     |
[INFO] [stdout]    ::: /opt/rustwide/workdir/src/range.rs:7:5
[INFO] [stdout]     |
[INFO] [stdout] 7   |     fn contains(&self, value: usize) -> bool {
[INFO] [stdout]     |     ---------------------------------------- private method defined here
[INFO] [stdout] 
[INFO] [stdout] 
[INFO] [stdout] error: aborting due to previous error
[INFO] [stdout] 
[INFO] [stdout] 
[INFO] [stdout] For more information about this error, try `rustc --explain E0624`.
[INFO] [stdout] 
[INFO] [stderr] error: could not compile `aoc` (bin "aoc" test) due to 2 previous errors
[INFO] running `Command { std: "docker" "inspect" "e3d3eacb394e94b3a182ee1a0d21684eb6d2566b19ec2c4b3c3289f5a273f76f", kill_on_drop: false }`
[INFO] running `Command { std: "docker" "rm" "-f" "e3d3eacb394e94b3a182ee1a0d21684eb6d2566b19ec2c4b3c3289f5a273f76f", kill_on_drop: false }`
[INFO] [stdout] e3d3eacb394e94b3a182ee1a0d21684eb6d2566b19ec2c4b3c3289f5a273f76f
